{"id":8,"date":"2019-10-26T23:20:24","date_gmt":"2019-10-26T21:20:24","guid":{"rendered":"http:\/\/stephaniemedieux.com\/?page_id=8"},"modified":"2026-01-12T22:52:57","modified_gmt":"2026-01-12T21:52:57","slug":"accueil","status":"publish","type":"page","link":"https:\/\/stephaniemedieux.com\/","title":{"rendered":"Accueil"},"content":{"rendered":"<p>[et_pb_section fb_built=\u00a0\u00bb1&Prime; disabled_on=\u00a0\u00bbon|on|off\u00a0\u00bb _builder_version=\u00a0\u00bb4.16&Prime; global_colors_info=\u00a0\u00bb{}\u00a0\u00bb][et_pb_row column_structure=\u00a0\u00bb1_4,3_4&Prime; _builder_version=\u00a0\u00bb4.16&Prime; global_colors_info=\u00a0\u00bb{}\u00a0\u00bb][et_pb_column type=\u00a0\u00bb1_4&Prime; _builder_version=\u00a0\u00bb4.16&Prime; global_colors_info=\u00a0\u00bb{}\u00a0\u00bb][et_pb_image src=\u00a0\u00bbhttps:\/\/stephaniemedieux.com\/wp-content\/uploads\/2025\/11\/smx3.jpg\u00a0\u00bb title_text=\u00a0\u00bbsmx3&Prime; url=\u00a0\u00bbhttps:\/\/stephaniemedieux.com\/index.php\/contact\/\u00a0\u00bb _builder_version=\u00a0\u00bb4.27.4&Prime; max_width=\u00a0\u00bb95%\u00a0\u00bb global_colors_info=\u00a0\u00bb{}\u00a0\u00bb][\/et_pb_image][et_pb_image src=\u00a0\u00bbhttps:\/\/stephaniemedieux.com\/wp-content\/uploads\/2025\/11\/Lang-Vignette.jpg\u00a0\u00bb title_text=\u00a0\u00bbLang Vignette\u00a0\u00bb url=\u00a0\u00bbhttps:\/\/stephaniemedieux.com\/index.php\/article-jack-lang\/\u00a0\u00bb _builder_version=\u00a0\u00bb4.27.4&Prime; max_width=\u00a0\u00bb95%\u00a0\u00bb global_colors_info=\u00a0\u00bb{}\u00a0\u00bb][\/et_pb_image][et_pb_image src=\u00a0\u00bbhttps:\/\/stephaniemedieux.com\/wp-content\/uploads\/2019\/11\/Titre-gazette.jpg\u00a0\u00bb title_text=\u00a0\u00bbTitre gazette\u00a0\u00bb url=\u00a0\u00bbhttps:\/\/stephaniemedieux.com\/index.php\/article-gazette-drouot\/\u00a0\u00bb _builder_version=\u00a0\u00bb4.27.4&Prime; max_width=\u00a0\u00bb95%\u00a0\u00bb global_colors_info=\u00a0\u00bb{}\u00a0\u00bb][\/et_pb_image][et_pb_image src=\u00a0\u00bbhttps:\/\/stephaniemedieux.com\/wp-content\/uploads\/2020\/11\/Pinceaux-corrig\u00e9-1-e1605220496595.jpg\u00a0\u00bb url=\u00a0\u00bbhttps:\/\/stephaniemedieux.com\/index.php\/decouvrir-les-toiles\/\u00a0\u00bb _builder_version=\u00a0\u00bb4.27.4&Prime; max_width=\u00a0\u00bb95%\u00a0\u00bb global_colors_info=\u00a0\u00bb{}\u00a0\u00bb][\/et_pb_image][\/et_pb_column][et_pb_column type=\u00a0\u00bb3_4&Prime; _builder_version=\u00a0\u00bb4.16&Prime; global_colors_info=\u00a0\u00bb{}\u00a0\u00bb][et_pb_image src=\u00a0\u00bbhttps:\/\/stephaniemedieux.com\/wp-content\/uploads\/2025\/11\/H.jpg\u00a0\u00bb title_text=\u00a0\u00bbH\u00a0\u00bb url=\u00a0\u00bbhttps:\/\/stephaniemedieux.com\/wp-content\/uploads\/2025\/11\/H.jpg\u00a0\u00bb _builder_version=\u00a0\u00bb4.27.4&Prime; global_colors_info=\u00a0\u00bb{}\u00a0\u00bb][\/et_pb_image][et_pb_toggle title=\u00a0\u00bbManifeste du Bleu\u00a0\u00bb disabled_on=\u00a0\u00bbon|on|off\u00a0\u00bb _builder_version=\u00a0\u00bb4.27.5&Prime; title_font=\u00a0\u00bbShadows Into Light||||||||\u00a0\u00bb title_font_size=\u00a0\u00bb25px\u00a0\u00bb body_font=\u00a0\u00bbArchivo||||||||\u00a0\u00bb body_font_size=\u00a0\u00bb16px\u00a0\u00bb width=\u00a0\u00bb100%\u00a0\u00bb custom_padding=\u00a0\u00bb7px||8px||false|false\u00a0\u00bb hover_enabled=\u00a0\u00bb0&Prime; locked=\u00a0\u00bboff\u00a0\u00bb global_colors_info=\u00a0\u00bb{}\u00a0\u00bb sticky_enabled=\u00a0\u00bb0&Prime;]<\/p>\n<p><strong>Le bleu n\u2019est pas un refuge.<\/strong><br \/>Il n\u2019est pas une fuite hors du monde.<\/p>\n<p>Apr\u00e8s la saturation des rouges, des ocres, des couleurs de l\u2019ar\u00e8ne et de la confrontation, le bleu s\u2019impose comme un geste n\u00e9cessaire. Une respiration, oui \u2014 mais consciente. Une pause qui n\u2019efface ni la violence ni la m\u00e9moire, mais qui refuse l\u2019\u00e9puisement.<\/p>\n<p>Ce bleu est multiple. Vif, instable, parfois presque agressif. Il ne calme pas, il d\u00e9place. Il ouvre un espace o\u00f9 le corps peut flotter sans dispara\u00eetre, o\u00f9 la tension se transforme en profondeur.<\/p>\n<p>Peindre le bleu, c\u2019est choisir la dur\u00e9e plut\u00f4t que le choc.<br \/>C\u2019est r\u00e9sister \u00e0 l\u2019imm\u00e9diatet\u00e9, \u00e0 la simplification, \u00e0 la frontalit\u00e9 constante du monde contemporain.<\/p>\n<p>Le bleu devient un lieu mental, un champ d\u2019exp\u00e9rience.<br \/>Il n\u2019impose pas une r\u00e9ponse, il maintient une question ouverte.<\/p>\n<p>Ce manifeste affirme une chose simple :<br \/>dans un monde satur\u00e9 de cris, la peinture peut encore respirer \u2014<br \/>sans jamais se taire.<\/p>\n<p>[\/et_pb_toggle][et_pb_toggle title=\u00a0\u00bbBrod\u00e9e de temple, de duende et d\u2019amour.\u00a0\u00bb disabled_on=\u00a0\u00bbon|on|off\u00a0\u00bb _builder_version=\u00a0\u00bb4.16&Prime; title_font=\u00a0\u00bbShadows Into Light||||||||\u00a0\u00bb title_font_size=\u00a0\u00bb25px\u00a0\u00bb body_font=\u00a0\u00bbArchivo||||||||\u00a0\u00bb body_font_size=\u00a0\u00bb16px\u00a0\u00bb width=\u00a0\u00bb100%\u00a0\u00bb custom_padding=\u00a0\u00bb7px||8px||false|false\u00a0\u00bb hover_enabled=\u00a0\u00bb0&Prime; locked=\u00a0\u00bboff\u00a0\u00bb global_colors_info=\u00a0\u00bb{}\u00a0\u00bb sticky_enabled=\u00a0\u00bb0&Prime;]<\/p>\n<p>\u00ab\u00a0Il y a souvent dans la peinture d\u2019inspiration taurine, des th\u00e8mes r\u00e9currents, omnipr\u00e9sents, parfois incontournables. Tout d\u2019abord les acteurs principaux, le toro, les toreros et les cuadrillas. Et puis il y a le reste, la mise en sc\u00e8ne, le rituel, l\u2019avant et l\u2019apr\u00e8s de la grande faena de la vie, de la grande faena de la mort.<br \/> St\u00e9phanie M\u00e9dieux est femme, peintre et brodeuse de couleurs.\u00a0 Ses toiles taurines sont brod\u00e9es de temple, de duende et d\u2019amour.<br \/> Face aux mille toros qui surgissent dans l\u2019ar\u00e8ne,\u00a0 il y a dans sa peinture mille couleurs, milles frissons, mille \u00e9clats de lumi\u00e8re, mille passes \u00e9ternelles , comme ces azulejos andalous qu\u2019elle d\u00e9compose et recompose au compas de ses pinceaux.\u00a0\u00bb<\/p>\n<p>\u00ab Entre tes cornes et mon c\u0153ur se mirent \u00e0 r\u00e9sonner<br \/> Les\u00a0 chants des hommes libres aux couleurs m\u00e9lang\u00e9es \u00bb<\/p>\n<p><strong>Gabriel Sandoval<\/strong><\/p>\n<p>[\/et_pb_toggle][\/et_pb_column][\/et_pb_row][\/et_pb_section][et_pb_section fb_built=\u00a0\u00bb1&Prime; disabled_on=\u00a0\u00bboff|off|on\u00a0\u00bb _builder_version=\u00a0\u00bb4.16&Prime; custom_margin=\u00a0\u00bb-52px||||false|false\u00a0\u00bb custom_padding=\u00a0\u00bb||6px|||\u00a0\u00bb global_colors_info=\u00a0\u00bb{}\u00a0\u00bb][et_pb_row _builder_version=\u00a0\u00bb4.16&Prime; width=\u00a0\u00bb100%\u00a0\u00bb custom_margin=\u00a0\u00bb10px||||false|false\u00a0\u00bb custom_padding=\u00a0\u00bb8px|||||\u00a0\u00bb global_colors_info=\u00a0\u00bb{}\u00a0\u00bb][et_pb_column type=\u00a0\u00bb4_4&Prime; _builder_version=\u00a0\u00bb4.16&Prime; global_colors_info=\u00a0\u00bb{}\u00a0\u00bb][et_pb_image src=\u00a0\u00bbhttps:\/\/stephaniemedieux.com\/wp-content\/uploads\/2025\/11\/H.jpg\u00a0\u00bb title_text=\u00a0\u00bbH\u00a0\u00bb url=\u00a0\u00bbhttps:\/\/stephaniemedieux.com\/wp-content\/uploads\/2025\/11\/H.jpg\u00a0\u00bb _builder_version=\u00a0\u00bb4.27.4&Prime; width=\u00a0\u00bb100%\u00a0\u00bb global_colors_info=\u00a0\u00bb{}\u00a0\u00bb][\/et_pb_image][\/et_pb_column][\/et_pb_row][et_pb_row _builder_version=\u00a0\u00bb4.16&Prime; width=\u00a0\u00bb93.1%\u00a0\u00bb global_colors_info=\u00a0\u00bb{}\u00a0\u00bb][et_pb_column type=\u00a0\u00bb4_4&Prime; _builder_version=\u00a0\u00bb4.16&Prime; global_colors_info=\u00a0\u00bb{}\u00a0\u00bb][et_pb_toggle title=\u00a0\u00bbManifeste du Bleu\u00a0\u00bb disabled_on=\u00a0\u00bbon|on|off\u00a0\u00bb _builder_version=\u00a0\u00bb4.27.5&Prime; title_font=\u00a0\u00bbShadows Into Light||||||||\u00a0\u00bb title_font_size=\u00a0\u00bb25px\u00a0\u00bb body_font=\u00a0\u00bbArchivo||||||||\u00a0\u00bb body_font_size=\u00a0\u00bb16px\u00a0\u00bb width=\u00a0\u00bb100%\u00a0\u00bb custom_padding=\u00a0\u00bb7px||8px||false|false\u00a0\u00bb hover_enabled=\u00a0\u00bb0&Prime; locked=\u00a0\u00bboff\u00a0\u00bb global_colors_info=\u00a0\u00bb{}\u00a0\u00bb sticky_enabled=\u00a0\u00bb0&Prime;]<\/p>\n<p><strong>Le bleu n\u2019est pas un refuge.<\/strong><br \/>Il n\u2019est pas une fuite hors du monde.<\/p>\n<p>Apr\u00e8s la saturation des rouges, des ocres, des couleurs de l\u2019ar\u00e8ne et de la confrontation, le bleu s\u2019impose comme un geste n\u00e9cessaire. Une respiration, oui \u2014 mais consciente. Une pause qui n\u2019efface ni la violence ni la m\u00e9moire, mais qui refuse l\u2019\u00e9puisement.<\/p>\n<p>Ce bleu est multiple. Vif, instable, parfois presque agressif. Il ne calme pas, il d\u00e9place. Il ouvre un espace o\u00f9 le corps peut flotter sans dispara\u00eetre, o\u00f9 la tension se transforme en profondeur.<\/p>\n<p>Peindre le bleu, c\u2019est choisir la dur\u00e9e plut\u00f4t que le choc.<br \/>C\u2019est r\u00e9sister \u00e0 l\u2019imm\u00e9diatet\u00e9, \u00e0 la simplification, \u00e0 la frontalit\u00e9 constante du monde contemporain.<\/p>\n<p>Le bleu devient un lieu mental, un champ d\u2019exp\u00e9rience.<br \/>Il n\u2019impose pas une r\u00e9ponse, il maintient une question ouverte.<\/p>\n<p>Ce manifeste affirme une chose simple :<br \/>dans un monde satur\u00e9 de cris, la peinture peut encore respirer \u2014<br \/>sans jamais se taire.<\/p>\n<p>[\/et_pb_toggle][et_pb_toggle title=\u00a0\u00bbBrod\u00e9e de temple, de duende et d\u2019amour.\u00a0\u00bb disabled_on=\u00a0\u00bboff|off|on\u00a0\u00bb _builder_version=\u00a0\u00bb4.16&Prime; title_font=\u00a0\u00bbShadows Into Light||||||||\u00a0\u00bb title_font_size=\u00a0\u00bb25px\u00a0\u00bb body_font=\u00a0\u00bbArchivo||||||||\u00a0\u00bb body_font_size=\u00a0\u00bb16px\u00a0\u00bb width=\u00a0\u00bb100%\u00a0\u00bb custom_padding=\u00a0\u00bb7px||8px||false|false\u00a0\u00bb locked=\u00a0\u00bboff\u00a0\u00bb global_colors_info=\u00a0\u00bb{}\u00a0\u00bb]<\/p>\n<p>\u00ab\u00a0Il y a souvent dans la peinture d\u2019inspiration taurine, des th\u00e8mes r\u00e9currents, omnipr\u00e9sents, parfois incontournables. Tout d\u2019abord les acteurs principaux, le toro, les toreros et les cuadrillas. Et puis il y a le reste, la mise en sc\u00e8ne, le rituel, l\u2019avant et l\u2019apr\u00e8s de la grande faena de la vie, de la grande faena de la mort.<br \/> St\u00e9phanie M\u00e9dieux est femme, peintre et brodeuse de couleurs.\u00a0 Ses toiles taurines sont brod\u00e9es de temple, de duende et d\u2019amour.<br \/> Face aux mille toros qui surgissent dans l\u2019ar\u00e8ne,\u00a0 il y a dans sa peinture mille couleurs, milles frissons, mille \u00e9clats de lumi\u00e8re, mille passes \u00e9ternelles , comme ces azulejos andalous qu\u2019elle d\u00e9compose et recompose au compas de ses pinceaux.\u00a0\u00bb<\/p>\n<p>\u00ab Entre tes cornes et mon c\u0153ur se mirent \u00e0 r\u00e9sonner<br \/> Les\u00a0 chants des hommes libres aux couleurs m\u00e9lang\u00e9es \u00bb<\/p>\n<p><strong>Gabriel Sandoval<\/strong><\/p>\n<p>[\/et_pb_toggle][\/et_pb_column][\/et_pb_row][et_pb_row column_structure=\u00a0\u00bb1_4,1_4,1_4,1_4&Prime; _builder_version=\u00a0\u00bb4.27.4&Prime; _module_preset=\u00a0\u00bbdefault\u00a0\u00bb global_colors_info=\u00a0\u00bb{}\u00a0\u00bb][et_pb_column type=\u00a0\u00bb1_4&Prime; _builder_version=\u00a0\u00bb4.27.4&Prime; _module_preset=\u00a0\u00bbdefault\u00a0\u00bb global_colors_info=\u00a0\u00bb{}\u00a0\u00bb][et_pb_image src=\u00a0\u00bbhttps:\/\/stephaniemedieux.com\/wp-content\/uploads\/2025\/11\/smx3.jpg\u00a0\u00bb title_text=\u00a0\u00bbsmx3&Prime; url=\u00a0\u00bbhttps:\/\/stephaniemedieux.com\/index.php\/contact\/\u00a0\u00bb _builder_version=\u00a0\u00bb4.27.4&Prime; max_width=\u00a0\u00bb95%\u00a0\u00bb locked=\u00a0\u00bboff\u00a0\u00bb global_colors_info=\u00a0\u00bb{}\u00a0\u00bb][\/et_pb_image][\/et_pb_column][et_pb_column type=\u00a0\u00bb1_4&Prime; _builder_version=\u00a0\u00bb4.27.4&Prime; _module_preset=\u00a0\u00bbdefault\u00a0\u00bb global_colors_info=\u00a0\u00bb{}\u00a0\u00bb][et_pb_image src=\u00a0\u00bbhttps:\/\/stephaniemedieux.com\/wp-content\/uploads\/2025\/11\/Lang-Vignette.jpg\u00a0\u00bb title_text=\u00a0\u00bbLang Vignette\u00a0\u00bb url=\u00a0\u00bbhttps:\/\/stephaniemedieux.com\/index.php\/article-jack-lang\/\u00a0\u00bb _builder_version=\u00a0\u00bb4.27.4&Prime; max_width=\u00a0\u00bb95%\u00a0\u00bb locked=\u00a0\u00bboff\u00a0\u00bb global_colors_info=\u00a0\u00bb{}\u00a0\u00bb][\/et_pb_image][\/et_pb_column][et_pb_column type=\u00a0\u00bb1_4&Prime; _builder_version=\u00a0\u00bb4.27.4&Prime; _module_preset=\u00a0\u00bbdefault\u00a0\u00bb global_colors_info=\u00a0\u00bb{}\u00a0\u00bb][et_pb_image src=\u00a0\u00bbhttps:\/\/stephaniemedieux.com\/wp-content\/uploads\/2019\/11\/Titre-gazette.jpg\u00a0\u00bb title_text=\u00a0\u00bbTitre gazette\u00a0\u00bb url=\u00a0\u00bbhttps:\/\/stephaniemedieux.com\/index.php\/article-gazette-drouot\/\u00a0\u00bb _builder_version=\u00a0\u00bb4.27.4&Prime; max_width=\u00a0\u00bb95%\u00a0\u00bb locked=\u00a0\u00bboff\u00a0\u00bb global_colors_info=\u00a0\u00bb{}\u00a0\u00bb][\/et_pb_image][\/et_pb_column][et_pb_column type=\u00a0\u00bb1_4&Prime; _builder_version=\u00a0\u00bb4.27.4&Prime; _module_preset=\u00a0\u00bbdefault\u00a0\u00bb global_colors_info=\u00a0\u00bb{}\u00a0\u00bb][et_pb_image src=\u00a0\u00bbhttps:\/\/stephaniemedieux.com\/wp-content\/uploads\/2020\/11\/Pinceaux-corrig\u00e9-1-e1605220496595.jpg\u00a0\u00bb url=\u00a0\u00bbhttps:\/\/stephaniemedieux.com\/index.php\/decouvrir-les-toiles\/\u00a0\u00bb _builder_version=\u00a0\u00bb4.27.4&Prime; max_width=\u00a0\u00bb95%\u00a0\u00bb locked=\u00a0\u00bboff\u00a0\u00bb global_colors_info=\u00a0\u00bb{}\u00a0\u00bb][\/et_pb_image][\/et_pb_column][\/et_pb_row][\/et_pb_section][et_pb_section fb_built=\u00a0\u00bb1&Prime; disabled_on=\u00a0\u00bboff|on|on\u00a0\u00bb _builder_version=\u00a0\u00bb4.16&Prime; background_color=\u00a0\u00bb#f4f4f4&Prime; custom_margin=\u00a0\u00bb0px||||false|false\u00a0\u00bb custom_padding=\u00a0\u00bb||0px|||\u00a0\u00bb top_divider_style=\u00a0\u00bbramp\u00a0\u00bb top_divider_color=\u00a0\u00bb#ffffff\u00a0\u00bb top_divider_height=\u00a0\u00bb30px\u00a0\u00bb global_colors_info=\u00a0\u00bb{}\u00a0\u00bb][et_pb_row _builder_version=\u00a0\u00bb4.16&Prime; width=\u00a0\u00bb88.5%\u00a0\u00bb custom_margin=\u00a0\u00bb|auto||27px||\u00a0\u00bb box_shadow_style=\u00a0\u00bbpreset2&Prime; global_colors_info=\u00a0\u00bb{}\u00a0\u00bb][et_pb_column type=\u00a0\u00bb4_4&Prime; _builder_version=\u00a0\u00bb4.16&Prime; global_colors_info=\u00a0\u00bb{}\u00a0\u00bb][et_pb_text _builder_version=\u00a0\u00bb4.16&Prime; text_font=\u00a0\u00bbCabin||||||||\u00a0\u00bb text_font_size=\u00a0\u00bb20px\u00a0\u00bb text_line_height=\u00a0\u00bb1em\u00a0\u00bb link_text_color=\u00a0\u00bb#000000&Prime; global_colors_info=\u00a0\u00bb{}\u00a0\u00bb]<\/p>\n<p style=\"text-align: center;\"><span style=\"color: #ffffff;\"><a href=\"https:\/\/stephaniemedieux.com\/index.php\/contact\/\" style=\"color: #ffffff;\">CONTACTEZ -MOI<\/a><\/span><\/p>\n<p style=\"text-align: center;\"><span style=\"color: #ffffff;\"><a href=\"https:\/\/stephaniemedieux.com\/index.php\/contact\/\" style=\"color: #ffffff;\">POUR EN SAVOIR PLUS<\/a><\/span><\/p>\n<p style=\"text-align: center;\"><span style=\"color: #ffffff;\"><a href=\"https:\/\/stephaniemedieux.com\/index.php\/contact\/\" style=\"color: #ffffff;\">OU POUR UN RENDEZ-VOUS<\/a><\/span><\/p>\n<p style=\"text-align: center;\"><span style=\"color: #ffffff;\"><a href=\"https:\/\/stephaniemedieux.com\/index.php\/contact\/\" style=\"color: #ffffff;\">A L&rsquo;ATELIER<\/a><\/span><\/p>\n<p>[\/et_pb_text][\/et_pb_column][\/et_pb_row][et_pb_row _builder_version=\u00a0\u00bb4.16&Prime; global_colors_info=\u00a0\u00bb{}\u00a0\u00bb][et_pb_column type=\u00a0\u00bb4_4&Prime; _builder_version=\u00a0\u00bb4.16&Prime; global_colors_info=\u00a0\u00bb{}\u00a0\u00bb][et_pb_text _builder_version=\u00a0\u00bb4.16&Prime; text_font=\u00a0\u00bbShadows Into Light||||||||\u00a0\u00bb text_text_color=\u00a0\u00bb#000000&Prime; text_font_size=\u00a0\u00bb20px\u00a0\u00bb global_colors_info=\u00a0\u00bb{}\u00a0\u00bb]<\/p>\n<p style=\"text-align: center;\"><span style=\"color: #000000;\">C&rsquo;est tellement plus facile en se parlant !<\/span><\/p>\n<p>[\/et_pb_text][\/et_pb_column][\/et_pb_row][\/et_pb_section]<\/p>\n","protected":false},"excerpt":{"rendered":"<p>Page d&rsquo;accueil du site de St\u00e9phanie M\u00e9dieux<\/p>\n","protected":false},"author":1,"featured_media":0,"parent":0,"menu_order":0,"comment_status":"closed","ping_status":"closed","template":"","meta":{"_et_pb_use_builder":"on","_et_pb_old_content":"","_et_gb_content_width":"","footnotes":""},"class_list":["post-8","page","type-page","status-publish","hentry"],"yoast_head":"<!-- This site is optimized with the Yoast SEO plugin v22.6 - https:\/\/yoast.com\/wordpress\/plugins\/seo\/ -->\n<title>Accueil - St\u00e9phanie M\u00e9dieux<\/title>\n<meta name=\"description\" content=\"Artiste peintre, St\u00e9phanie M\u00e9dieux vit et travaille dans le Sud Ouest pr\u00e8s de Toulouse. Des toiles riches en couleurs et mouvement.\" \/>\n<meta name=\"robots\" content=\"index, follow, max-snippet:-1, max-image-preview:large, max-video-preview:-1\" \/>\n<link rel=\"canonical\" href=\"https:\/\/stephaniemedieux.com\/\" \/>\n<meta property=\"og:locale\" content=\"fr_FR\" \/>\n<meta property=\"og:type\" content=\"article\" \/>\n<meta property=\"og:title\" content=\"Accueil - St\u00e9phanie M\u00e9dieux\" \/>\n<meta property=\"og:description\" content=\"Artiste peintre, St\u00e9phanie M\u00e9dieux vit et travaille dans le Sud Ouest pr\u00e8s de Toulouse. Des toiles riches en couleurs et mouvement.\" \/>\n<meta property=\"og:url\" content=\"https:\/\/stephaniemedieux.com\/\" \/>\n<meta property=\"og:site_name\" content=\"St\u00e9phanie M\u00e9dieux\" \/>\n<meta property=\"article:publisher\" content=\"https:\/\/www.facebook.com\/stephaniemedieux\" \/>\n<meta property=\"article:modified_time\" content=\"2026-01-12T21:52:57+00:00\" \/>\n<meta name=\"twitter:card\" content=\"summary_large_image\" \/>\n<meta name=\"twitter:label1\" content=\"Dur\u00e9e de lecture estim\u00e9e\" \/>\n\t<meta name=\"twitter:data1\" content=\"3 minutes\" \/>\n<script type=\"application\/ld+json\" class=\"yoast-schema-graph\">{\"@context\":\"https:\/\/schema.org\",\"@graph\":[{\"@type\":\"WebPage\",\"@id\":\"https:\/\/stephaniemedieux.com\/\",\"url\":\"https:\/\/stephaniemedieux.com\/\",\"name\":\"Accueil - St\u00e9phanie M\u00e9dieux\",\"isPartOf\":{\"@id\":\"https:\/\/stephaniemedieux.com\/#website\"},\"datePublished\":\"2019-10-26T21:20:24+00:00\",\"dateModified\":\"2026-01-12T21:52:57+00:00\",\"description\":\"Artiste peintre, St\u00e9phanie M\u00e9dieux vit et travaille dans le Sud Ouest pr\u00e8s de Toulouse. Des toiles riches en couleurs et mouvement.\",\"breadcrumb\":{\"@id\":\"https:\/\/stephaniemedieux.com\/#breadcrumb\"},\"inLanguage\":\"fr-FR\",\"potentialAction\":[{\"@type\":\"ReadAction\",\"target\":[\"https:\/\/stephaniemedieux.com\/\"]}]},{\"@type\":\"BreadcrumbList\",\"@id\":\"https:\/\/stephaniemedieux.com\/#breadcrumb\",\"itemListElement\":[{\"@type\":\"ListItem\",\"position\":1,\"name\":\"Accueil\",\"item\":\"https:\/\/stephaniemedieux.com\/\"},{\"@type\":\"ListItem\",\"position\":2,\"name\":\"Accueil\"}]},{\"@type\":\"WebSite\",\"@id\":\"https:\/\/stephaniemedieux.com\/#website\",\"url\":\"https:\/\/stephaniemedieux.com\/\",\"name\":\"St\u00e9phanie M\u00e9dieux\",\"description\":\"R\u00e9inventons votre int\u00e9rieur ! D\u00e9co et Home-Staging\",\"publisher\":{\"@id\":\"https:\/\/stephaniemedieux.com\/#\/schema\/person\/cd8ef2f54353e8fe33f78aa572418d1f\"},\"potentialAction\":[{\"@type\":\"SearchAction\",\"target\":{\"@type\":\"EntryPoint\",\"urlTemplate\":\"https:\/\/stephaniemedieux.com\/?s={search_term_string}\"},\"query-input\":\"required name=search_term_string\"}],\"inLanguage\":\"fr-FR\"},{\"@type\":[\"Person\",\"Organization\"],\"@id\":\"https:\/\/stephaniemedieux.com\/#\/schema\/person\/cd8ef2f54353e8fe33f78aa572418d1f\",\"name\":\"St\u00e9phanie M\u00e9dieux\",\"image\":{\"@type\":\"ImageObject\",\"inLanguage\":\"fr-FR\",\"@id\":\"https:\/\/stephaniemedieux.com\/#\/schema\/person\/image\/\",\"url\":\"https:\/\/stephaniemedieux.com\/wp-content\/uploads\/2024\/02\/Moi-NetB.jpg\",\"contentUrl\":\"https:\/\/stephaniemedieux.com\/wp-content\/uploads\/2024\/02\/Moi-NetB.jpg\",\"width\":362,\"height\":619,\"caption\":\"St\u00e9phanie M\u00e9dieux\"},\"logo\":{\"@id\":\"https:\/\/stephaniemedieux.com\/#\/schema\/person\/image\/\"},\"description\":\"St\u00e9phanie M\u00e9dieux, artiste peintre, vit et travaille dans le Sud Ouest. Ses tableaux sont riches en couleurs et en d\u00e9calages qui restituent un imperceptible mouvement. Ils sont \u00e9galement marqu\u00e9s par la tauromachie qui a souvent inspir\u00e9 ses toiles.\",\"sameAs\":[\"https:\/\/stephaniemedieux.com\/\",\"https:\/\/www.facebook.com\/stephaniemedieux\",\"https:\/\/www.instagram.com\/stephaniemedieux\/\",\"https:\/\/www.linkedin.com\/in\/stphanie-medieux\/\"]}]}<\/script>\n<!-- \/ Yoast SEO plugin. -->","yoast_head_json":{"title":"Accueil - St\u00e9phanie M\u00e9dieux","description":"Artiste peintre, St\u00e9phanie M\u00e9dieux vit et travaille dans le Sud Ouest pr\u00e8s de Toulouse. Des toiles riches en couleurs et mouvement.","robots":{"index":"index","follow":"follow","max-snippet":"max-snippet:-1","max-image-preview":"max-image-preview:large","max-video-preview":"max-video-preview:-1"},"canonical":"https:\/\/stephaniemedieux.com\/","og_locale":"fr_FR","og_type":"article","og_title":"Accueil - St\u00e9phanie M\u00e9dieux","og_description":"Artiste peintre, St\u00e9phanie M\u00e9dieux vit et travaille dans le Sud Ouest pr\u00e8s de Toulouse. Des toiles riches en couleurs et mouvement.","og_url":"https:\/\/stephaniemedieux.com\/","og_site_name":"St\u00e9phanie M\u00e9dieux","article_publisher":"https:\/\/www.facebook.com\/stephaniemedieux","article_modified_time":"2026-01-12T21:52:57+00:00","twitter_card":"summary_large_image","twitter_misc":{"Dur\u00e9e de lecture estim\u00e9e":"3 minutes"},"schema":{"@context":"https:\/\/schema.org","@graph":[{"@type":"WebPage","@id":"https:\/\/stephaniemedieux.com\/","url":"https:\/\/stephaniemedieux.com\/","name":"Accueil - St\u00e9phanie M\u00e9dieux","isPartOf":{"@id":"https:\/\/stephaniemedieux.com\/#website"},"datePublished":"2019-10-26T21:20:24+00:00","dateModified":"2026-01-12T21:52:57+00:00","description":"Artiste peintre, St\u00e9phanie M\u00e9dieux vit et travaille dans le Sud Ouest pr\u00e8s de Toulouse. Des toiles riches en couleurs et mouvement.","breadcrumb":{"@id":"https:\/\/stephaniemedieux.com\/#breadcrumb"},"inLanguage":"fr-FR","potentialAction":[{"@type":"ReadAction","target":["https:\/\/stephaniemedieux.com\/"]}]},{"@type":"BreadcrumbList","@id":"https:\/\/stephaniemedieux.com\/#breadcrumb","itemListElement":[{"@type":"ListItem","position":1,"name":"Accueil","item":"https:\/\/stephaniemedieux.com\/"},{"@type":"ListItem","position":2,"name":"Accueil"}]},{"@type":"WebSite","@id":"https:\/\/stephaniemedieux.com\/#website","url":"https:\/\/stephaniemedieux.com\/","name":"St\u00e9phanie M\u00e9dieux","description":"R\u00e9inventons votre int\u00e9rieur ! D\u00e9co et Home-Staging","publisher":{"@id":"https:\/\/stephaniemedieux.com\/#\/schema\/person\/cd8ef2f54353e8fe33f78aa572418d1f"},"potentialAction":[{"@type":"SearchAction","target":{"@type":"EntryPoint","urlTemplate":"https:\/\/stephaniemedieux.com\/?s={search_term_string}"},"query-input":"required name=search_term_string"}],"inLanguage":"fr-FR"},{"@type":["Person","Organization"],"@id":"https:\/\/stephaniemedieux.com\/#\/schema\/person\/cd8ef2f54353e8fe33f78aa572418d1f","name":"St\u00e9phanie M\u00e9dieux","image":{"@type":"ImageObject","inLanguage":"fr-FR","@id":"https:\/\/stephaniemedieux.com\/#\/schema\/person\/image\/","url":"https:\/\/stephaniemedieux.com\/wp-content\/uploads\/2024\/02\/Moi-NetB.jpg","contentUrl":"https:\/\/stephaniemedieux.com\/wp-content\/uploads\/2024\/02\/Moi-NetB.jpg","width":362,"height":619,"caption":"St\u00e9phanie M\u00e9dieux"},"logo":{"@id":"https:\/\/stephaniemedieux.com\/#\/schema\/person\/image\/"},"description":"St\u00e9phanie M\u00e9dieux, artiste peintre, vit et travaille dans le Sud Ouest. Ses tableaux sont riches en couleurs et en d\u00e9calages qui restituent un imperceptible mouvement. Ils sont \u00e9galement marqu\u00e9s par la tauromachie qui a souvent inspir\u00e9 ses toiles.","sameAs":["https:\/\/stephaniemedieux.com\/","https:\/\/www.facebook.com\/stephaniemedieux","https:\/\/www.instagram.com\/stephaniemedieux\/","https:\/\/www.linkedin.com\/in\/stphanie-medieux\/"]}]}},"_links":{"self":[{"href":"https:\/\/stephaniemedieux.com\/index.php\/wp-json\/wp\/v2\/pages\/8","targetHints":{"allow":["GET"]}}],"collection":[{"href":"https:\/\/stephaniemedieux.com\/index.php\/wp-json\/wp\/v2\/pages"}],"about":[{"href":"https:\/\/stephaniemedieux.com\/index.php\/wp-json\/wp\/v2\/types\/page"}],"author":[{"embeddable":true,"href":"https:\/\/stephaniemedieux.com\/index.php\/wp-json\/wp\/v2\/users\/1"}],"replies":[{"embeddable":true,"href":"https:\/\/stephaniemedieux.com\/index.php\/wp-json\/wp\/v2\/comments?post=8"}],"version-history":[{"count":210,"href":"https:\/\/stephaniemedieux.com\/index.php\/wp-json\/wp\/v2\/pages\/8\/revisions"}],"predecessor-version":[{"id":6039,"href":"https:\/\/stephaniemedieux.com\/index.php\/wp-json\/wp\/v2\/pages\/8\/revisions\/6039"}],"wp:attachment":[{"href":"https:\/\/stephaniemedieux.com\/index.php\/wp-json\/wp\/v2\/media?parent=8"}],"curies":[{"name":"wp","href":"https:\/\/api.w.org\/{rel}","templated":true}]}}